{"id":740,"date":"2021-03-03T08:44:36","date_gmt":"2021-03-03T08:44:36","guid":{"rendered":"https:\/\/themetechmount.com\/wordpress\/fablio\/?page_id=740"},"modified":"2024-11-15T11:27:06","modified_gmt":"2024-11-15T11:27:06","slug":"sobre-nos","status":"publish","type":"page","link":"https:\/\/goncalo.com.pt\/2026\/sobre-nos\/","title":{"rendered":"Sobre N\u00f3s"},"content":{"rendered":"<div class=\"wpb-content-wrapper\"><p>[vc_row][vc_column]<div class=\"tm-element-heading-wrapper tm-heading-inner tm-element-align-left tm-seperator-none tm-heading-style-vertical \"><section class=\"tm-vc_cta3-container\"><div class=\"tm-vc_general tm-vc_cta3 tm-cta3-only tm-vc_cta3-style-classic tm-vc_cta3-shape-rounded tm-vc_cta3-align-left tm-vc_cta3-color-transparent tm-vc_cta3-icon-size-md tm-vc_cta3-actions-no tm-cta3-with-desc\"><div class=\"tm-vc_cta3_content-container\"><div class=\"tm-vc_cta3-content\"><header class=\"tm-vc_cta3-content-header tm-wrap\"><div class=\"tm-vc_cta3-headers tm-wrap-cell\"><h4 class=\"tm-custom-heading \" >desde <b> 1983<\/b><\/h4>\n<h2 class=\"tm-custom-heading \" >Sobre N\u00f3s ?<\/h2>\n<\/div><div class=\"heading-seperator\"><span><\/span><\/div><\/header><div class=\"tm-cta3-content-wrapper\">\n<p class=\"Standard\"><span style=\"font-family: 'Tahoma',sans-serif;\">Sobre a empresa &#8211; Confe\u00e7\u00f5es Gon\u00e7alo, Lda foi fundada em 1993 tendo, por\u00e9m, as suas ra\u00edzes numa d\u00e9cada anterior.<br \/>\n<\/span><span style=\"font-family: 'Tahoma',sans-serif;\">Iniciou a sua atividade em 1983 sendo, na altura, gerida em nome individual por Gon\u00e7alo da Silva Freitas, pai dos atuais s\u00f3cios-gerentes e cujo nome \u00e9, hoje, parte integrante da denomina\u00e7\u00e3o e de marca da empresa. Come\u00e7ou com meia d\u00fazia de m\u00e1quinas, poucos recursos, mas com muita for\u00e7a de vontade. Foi com bastante empenho e esp\u00edrito vencedor que conseguiu ultrapassar todas as barreiras e superar todos os sacrif\u00edcios.<br \/>\n<\/span><span style=\"font-family: 'Tahoma',sans-serif;\">\u00c9, hoje, uma empresa que se dedica \u00e1 confe\u00e7\u00e3o de vestu\u00e1rio, nomeadamente roupa interior para homem, senhora e crian\u00e7a destinados ao mercado nacional e ao mercado externo. Disp\u00f5e de todas as infraestruturas necess\u00e1rias e equipadas para o exerc\u00edcio da sua atividade sendo o artigo desenvolvido, fabricado e controlado com exigentes padr\u00f5es de qualidade e de conforto.<br \/>\n<\/span><span style=\"font-family: 'Tahoma',sans-serif;\">Face ao mercado atual, a sua miss\u00e3o \u00e9 satisfazer as necessidades dos seus clientes, melhorando continuamente a sua oferta e a capacidade t\u00e9cnica dos seus colaboradores.<\/span><\/p>\n<p><\/div><\/div><\/div><\/div><\/section><\/div> <!-- .tm-element-heading-wrapper container --> [\/vc_column][\/vc_row][vc_row][vc_column width=&#8221;1\/2&#8243;][vc_separator border_width=&#8221;3&#8243;]<div class=\"themetechmount-iconbox themetechmount-iconbox-stylesix themetechmount-iconbox-style14 \">\n\t<div class=\"themetechmount-iconbox-inner tm-iconstyle-rounded\">\n\t\t<div class=\"tm-iconbox-wrapper tm-wrap\">\n\t\t\t<div class=\"themetechmount-iconbox-icon tm-wrap-cell\">\n\t\t\t\t<div class=\"tm-box-icon\"><i class=\"fa fa-check\"><\/i><\/div>\t\n\t\t\t<\/div>\n\t\t\t<div class=\"themetechmount-iconbox-heading tm-wrap-cell\">\n\t\t\t\t<div class=\"tm-vc_general tm-vc_cta3 tm-cta3-only tm-vc_cta3-style-classic tm-vc_cta3-shape-rounded tm-vc_cta3-align-left tm-vc_cta3-color-transparent tm-vc_cta3-icon-size-md tm-vc_cta3-actions-no tm-cta3-without-desc\"><div class=\"tm-vc_cta3_content-container\"><div class=\"tm-vc_cta3-content\"><header class=\"tm-vc_cta3-content-header tm-wrap\"><div class=\"tm-vc_cta3-headers tm-wrap-cell\"><h2 class=\"tm-custom-heading \">Instala\u00e7\u00f5es de Topo<\/h2>\n<\/div><div class=\"heading-seperator\"><span><\/span><\/div><\/header><\/div><\/div><\/div>\t\t\t<\/div>\n\t\t<\/div>\n\t\t\t<div class=\"tm-iconbox-boxcontent\">\t\t\t\n\t\t\t<div class=\"tm-cta3-content-wrapper\">Adaptadas \u00e0s exig\u00eancias do mercado.<\/div>\t\t\t\t<div class=\"themetechmount-iconbox-button\">\n\t\t\t\t\t\t\t\t\t<\/div>\n\t\t\t<\/div>\t\t\t\n\t<\/div>\t\n<\/div>\n<div class=\"themetechmount-iconbox themetechmount-iconbox-stylesix themetechmount-iconbox-style14 \">\n\t<div class=\"themetechmount-iconbox-inner tm-iconstyle-rounded\">\n\t\t<div class=\"tm-iconbox-wrapper tm-wrap\">\n\t\t\t<div class=\"themetechmount-iconbox-icon tm-wrap-cell\">\n\t\t\t\t<div class=\"tm-box-icon\"><i class=\"fa fa-check\"><\/i><\/div>\t\n\t\t\t<\/div>\n\t\t\t<div class=\"themetechmount-iconbox-heading tm-wrap-cell\">\n\t\t\t\t<div class=\"tm-vc_general tm-vc_cta3 tm-cta3-only tm-vc_cta3-style-classic tm-vc_cta3-shape-rounded tm-vc_cta3-align-left tm-vc_cta3-color-transparent tm-vc_cta3-icon-size-md tm-vc_cta3-actions-no tm-cta3-without-desc\"><div class=\"tm-vc_cta3_content-container\"><div class=\"tm-vc_cta3-content\"><header class=\"tm-vc_cta3-content-header tm-wrap\"><div class=\"tm-vc_cta3-headers tm-wrap-cell\"><h2 class=\"tm-custom-heading \">Recursos Humanos<\/h2>\n<\/div><div class=\"heading-seperator\"><span><\/span><\/div><\/header><\/div><\/div><\/div>\t\t\t<\/div>\n\t\t<\/div>\n\t\t\t<div class=\"tm-iconbox-boxcontent\">\t\t\t\n\t\t\t<div class=\"tm-cta3-content-wrapper\">Com forma\u00e7\u00e3o e anos de experi\u00eancia<\/div>\t\t\t\t<div class=\"themetechmount-iconbox-button\">\n\t\t\t\t\t\t\t\t\t<\/div>\n\t\t\t<\/div>\t\t\t\n\t<\/div>\t\n<\/div>\n[vc_separator border_width=&#8221;3&#8243;][\/vc_column][vc_column width=&#8221;1\/2&#8243;][vc_separator border_width=&#8221;3&#8243;]<div class=\"themetechmount-iconbox themetechmount-iconbox-stylesix themetechmount-iconbox-style14 \">\n\t<div class=\"themetechmount-iconbox-inner tm-iconstyle-rounded\">\n\t\t<div class=\"tm-iconbox-wrapper tm-wrap\">\n\t\t\t<div class=\"themetechmount-iconbox-icon tm-wrap-cell\">\n\t\t\t\t<div class=\"tm-box-icon\"><i class=\"fa fa-check\"><\/i><\/div>\t\n\t\t\t<\/div>\n\t\t\t<div class=\"themetechmount-iconbox-heading tm-wrap-cell\">\n\t\t\t\t<div class=\"tm-vc_general tm-vc_cta3 tm-cta3-only tm-vc_cta3-style-classic tm-vc_cta3-shape-rounded tm-vc_cta3-align-left tm-vc_cta3-color-transparent tm-vc_cta3-icon-size-md tm-vc_cta3-actions-no tm-cta3-without-desc\"><div class=\"tm-vc_cta3_content-container\"><div class=\"tm-vc_cta3-content\"><header class=\"tm-vc_cta3-content-header tm-wrap\"><div class=\"tm-vc_cta3-headers tm-wrap-cell\"><h2 class=\"tm-custom-heading \">M\u00e1quinas Modernas<\/h2>\n<\/div><div class=\"heading-seperator\"><span><\/span><\/div><\/header><\/div><\/div><\/div>\t\t\t<\/div>\n\t\t<\/div>\n\t\t\t<div class=\"tm-iconbox-boxcontent\">\t\t\t\n\t\t\t<div class=\"tm-cta3-content-wrapper\">Aliadas \u00e0 equipa formada e competente.<\/div>\t\t\t\t<div class=\"themetechmount-iconbox-button\">\n\t\t\t\t\t\t\t\t\t<\/div>\n\t\t\t<\/div>\t\t\t\n\t<\/div>\t\n<\/div>\n<div class=\"themetechmount-iconbox themetechmount-iconbox-stylesix themetechmount-iconbox-style14 \">\n\t<div class=\"themetechmount-iconbox-inner tm-iconstyle-rounded\">\n\t\t<div class=\"tm-iconbox-wrapper tm-wrap\">\n\t\t\t<div class=\"themetechmount-iconbox-icon tm-wrap-cell\">\n\t\t\t\t<div class=\"tm-box-icon\"><i class=\"fa fa-check\"><\/i><\/div>\t\n\t\t\t<\/div>\n\t\t\t<div class=\"themetechmount-iconbox-heading tm-wrap-cell\">\n\t\t\t\t<div class=\"tm-vc_general tm-vc_cta3 tm-cta3-only tm-vc_cta3-style-classic tm-vc_cta3-shape-rounded tm-vc_cta3-align-left tm-vc_cta3-color-transparent tm-vc_cta3-icon-size-md tm-vc_cta3-actions-no tm-cta3-without-desc\"><div class=\"tm-vc_cta3_content-container\"><div class=\"tm-vc_cta3-content\"><header class=\"tm-vc_cta3-content-header tm-wrap\"><div class=\"tm-vc_cta3-headers tm-wrap-cell\"><h2 class=\"tm-custom-heading \">Processo Completo<\/h2>\n<\/div><div class=\"heading-seperator\"><span><\/span><\/div><\/header><\/div><\/div><\/div>\t\t\t<\/div>\n\t\t<\/div>\n\t\t\t<div class=\"tm-iconbox-boxcontent\">\t\t\t\n\t\t\t<div class=\"tm-cta3-content-wrapper\">Desde a conce\u00e7\u00e3o, \u00e0 produ\u00e7\u00e3o, embalagem e etiquetagem, at\u00e9 \u00e0 entrega.<\/div>\t\t\t\t<div class=\"themetechmount-iconbox-button\">\n\t\t\t\t\t\t\t\t\t<\/div>\n\t\t\t<\/div>\t\t\t\n\t<\/div>\t\n<\/div>\n[vc_separator border_width=&#8221;3&#8243;][\/vc_column][\/vc_row][vc_row][vc_column]<div class=\"themetechmount-boxes themetechmount-boxes-portfolio themetechmount-boxes-view-default themetechmount-boxes-col-three themetechmount-boxes-sortable-no themetechmount-boxes-textalign-center tm-cta3-rev-heading\">\n\t\t<div class=\"themetechmount-boxes-inner themetechmount-boxes-portfolio-inner \"><div class=\"themetechmount-box-heading-wrapper tm-element-align-center\"><div class=\"tm-element-heading-wrapper tm-heading-inner tm-element-align-center tm-seperator-none tm-heading-style-vertical \"><section class=\"tm-vc_cta3-container\"><div class=\"tm-vc_general tm-vc_cta3 tm-cta3-only tm-vc_cta3-style-classic tm-vc_cta3-shape-rounded tm-vc_cta3-align-center tm-vc_cta3-color-transparent tm-vc_cta3-icon-size-md tm-vc_cta3-actions-no tm-cta3-with-desc\"><div class=\"tm-vc_cta3_content-container\"><div class=\"tm-vc_cta3-content\"><header class=\"tm-vc_cta3-content-header tm-wrap\"><div class=\"tm-vc_cta3-headers tm-wrap-cell\"><h2 class=\"tm-custom-heading \" >Alguns Trabalhos<\/h2>\n<\/div><div class=\"heading-seperator\"><span><\/span><\/div><\/header><div class=\"tm-cta3-content-wrapper\"><p>Conhe\u00e7a alguns dos nossos trabalhos.<\/p><\/div><\/div><\/div><\/div><\/section><\/div> <!-- .tm-element-heading-wrapper container --> <\/div> <!-- .tm-element-heading-wrapper container --> \n\t\t\t\t\n\t\t\t\t<div class=\"row multi-columns-row themetechmount-boxes-row-wrapper tm-box-masnory\">\n\t\t\t\t\t<div class=\"tm-box-col-wrapper col-lg-4 col-sm-6 col-md-4 col-xs-12 cuecas-crianca\"><article class=\"themetechmount-box themetechmount-box-portfolio themetechmount-portfoliobox-style1 \">\n\t<div class=\"themetechmount-post-item tm-shadow-box\">\t\n\t\t<div class=\"themetechmount-post-item-inner\">\n\t\t\t<div class=\"tm-featured-wrapper tm-tm_portfolio-featured-wrapper\"><a href=\"https:\/\/goncalo.com.pt\/2026\/portfolio\/cueca-crianca-com-transfer-dtf\/\"><img loading=\"lazy\" decoding=\"async\" width=\"768\" height=\"1152\" src=\"https:\/\/goncalo.com.pt\/2026\/wp-content\/uploads\/2024\/02\/pack_cuecas_menina-8-768x1152.png\" class=\"attachment-medium_large size-medium_large wp-post-image\" alt=\"cuecas de crian\u00e7a com estampado\" srcset=\"https:\/\/goncalo.com.pt\/2026\/wp-content\/uploads\/2024\/02\/pack_cuecas_menina-8-768x1152.png 768w, https:\/\/goncalo.com.pt\/2026\/wp-content\/uploads\/2024\/02\/pack_cuecas_menina-8-200x300.png 200w, https:\/\/goncalo.com.pt\/2026\/wp-content\/uploads\/2024\/02\/pack_cuecas_menina-8-683x1024.png 683w, https:\/\/goncalo.com.pt\/2026\/wp-content\/uploads\/2024\/02\/pack_cuecas_menina-8-1024x1536.png 1024w, https:\/\/goncalo.com.pt\/2026\/wp-content\/uploads\/2024\/02\/pack_cuecas_menina-8-1365x2048.png 1365w, https:\/\/goncalo.com.pt\/2026\/wp-content\/uploads\/2024\/02\/pack_cuecas_menina-8.png 1533w\" sizes=\"auto, (max-width: 768px) 100vw, 768px\" data-id=\"3068\" \/><\/a><\/div>\t\t\t<div class=\"themetechmount-box-content themetechmount-overlay\">\n\t\t\t\t<div class=\"themetechmount-box-content-inner\">\n\t\t\t\t\t<div class=\"themetechmount-icon-box themetechmount-media-link\"><a class=\"tm_prettyphoto\" href=\"https:\/\/goncalo.com.pt\/2026\/wp-content\/uploads\/2024\/02\/pack_cuecas_menina-8.png\"><i class=\"tm-fablio-icon-search\"><\/i><\/a><a href=\" https:\/\/goncalo.com.pt\/2026\/portfolio\/cueca-crianca-com-transfer-dtf\/\" class=\"themetechmount_pf_link\"><i class=\"tm-fablio-icon-shuffle\"><\/i><\/a><\/div>\n\t\t\t\t<\/div>\t\t\t\n\t\t\t<\/div>\n\t\t<\/div>\t\t\n\t\t<div class=\"themetechmount-box-bottom-content\">\t\t\t\t\t\t\n\t\t\t<div class=\"themetechmount-box-title\"><h4><a href=\"https:\/\/goncalo.com.pt\/2026\/portfolio\/cueca-crianca-com-transfer-dtf\/\">Cueca Crian\u00e7a com Transfer DTF<\/a><\/h4><\/div>\t\t\t<div class=\"themetechmount-box-desc\">\n\t\t\t\t<p>Cueca crian\u00e7a, 95% Algod\u00e3o 5% Elastano, com tranfer dtf na parte frontal. Cintura el\u00e1stica e refor\u00e7o na parte frontal.<\/p>\n\t\t\t<\/div>\n\t\t<\/div>\n\t<\/div>\n<\/article><\/div><div class=\"tm-box-col-wrapper col-lg-4 col-sm-6 col-md-4 col-xs-12 boxers-homem\"><article class=\"themetechmount-box themetechmount-box-portfolio themetechmount-portfoliobox-style1 \">\n\t<div class=\"themetechmount-post-item tm-shadow-box\">\t\n\t\t<div class=\"themetechmount-post-item-inner\">\n\t\t\t<div class=\"tm-featured-wrapper tm-tm_portfolio-featured-wrapper\"><a href=\"https:\/\/goncalo.com.pt\/2026\/portfolio\/boxer-homem\/\"><img loading=\"lazy\" decoding=\"async\" width=\"768\" height=\"1086\" src=\"https:\/\/goncalo.com.pt\/2026\/wp-content\/uploads\/2024\/02\/00-135-05-768x1086.jpg\" class=\"attachment-medium_large size-medium_large wp-post-image\" alt=\"boxer homem\" srcset=\"https:\/\/goncalo.com.pt\/2026\/wp-content\/uploads\/2024\/02\/00-135-05-768x1086.jpg 768w, https:\/\/goncalo.com.pt\/2026\/wp-content\/uploads\/2024\/02\/00-135-05-212x300.jpg 212w, https:\/\/goncalo.com.pt\/2026\/wp-content\/uploads\/2024\/02\/00-135-05-724x1024.jpg 724w, https:\/\/goncalo.com.pt\/2026\/wp-content\/uploads\/2024\/02\/00-135-05-1086x1536.jpg 1086w, https:\/\/goncalo.com.pt\/2026\/wp-content\/uploads\/2024\/02\/00-135-05-1448x2048.jpg 1448w, https:\/\/goncalo.com.pt\/2026\/wp-content\/uploads\/2024\/02\/00-135-05-scaled.jpg 1810w\" sizes=\"auto, (max-width: 768px) 100vw, 768px\" data-id=\"3061\" \/><\/a><\/div>\t\t\t<div class=\"themetechmount-box-content themetechmount-overlay\">\n\t\t\t\t<div class=\"themetechmount-box-content-inner\">\n\t\t\t\t\t<div class=\"themetechmount-icon-box themetechmount-media-link\"><a class=\"tm_prettyphoto\" href=\"https:\/\/goncalo.com.pt\/2026\/wp-content\/uploads\/2024\/02\/00-135-05-scaled.jpg\"><i class=\"tm-fablio-icon-search\"><\/i><\/a><a href=\" https:\/\/goncalo.com.pt\/2026\/portfolio\/boxer-homem\/\" class=\"themetechmount_pf_link\"><i class=\"tm-fablio-icon-shuffle\"><\/i><\/a><\/div>\n\t\t\t\t<\/div>\t\t\t\n\t\t\t<\/div>\n\t\t<\/div>\t\t\n\t\t<div class=\"themetechmount-box-bottom-content\">\t\t\t\t\t\t\n\t\t\t<div class=\"themetechmount-box-title\"><h4><a href=\"https:\/\/goncalo.com.pt\/2026\/portfolio\/boxer-homem\/\">Boxer Homem<\/a><\/h4><\/div>\t\t\t<div class=\"themetechmount-box-desc\">\n\t\t\t\t<p>Boxer homem, malha com fios tintos, 95% Algod\u00e3o 5% Elastano. Cintura el\u00e1stica forrada. Refor\u00e7o na parte frontal.<\/p>\n\t\t\t<\/div>\n\t\t<\/div>\n\t<\/div>\n<\/article><\/div><div class=\"tm-box-col-wrapper col-lg-4 col-sm-6 col-md-4 col-xs-12 cuecas-senhora\"><article class=\"themetechmount-box themetechmount-box-portfolio themetechmount-portfoliobox-style1 \">\n\t<div class=\"themetechmount-post-item tm-shadow-box\">\t\n\t\t<div class=\"themetechmount-post-item-inner\">\n\t\t\t<div class=\"tm-featured-wrapper tm-tm_portfolio-featured-wrapper\"><a href=\"https:\/\/goncalo.com.pt\/2026\/portfolio\/cueca-senhora-estampado-tradicional-2\/\"><img loading=\"lazy\" decoding=\"async\" width=\"768\" height=\"1086\" src=\"https:\/\/goncalo.com.pt\/2026\/wp-content\/uploads\/2024\/02\/47-956-05-768x1086.jpg\" class=\"attachment-medium_large size-medium_large wp-post-image\" alt=\"\" srcset=\"https:\/\/goncalo.com.pt\/2026\/wp-content\/uploads\/2024\/02\/47-956-05-768x1086.jpg 768w, https:\/\/goncalo.com.pt\/2026\/wp-content\/uploads\/2024\/02\/47-956-05-212x300.jpg 212w, https:\/\/goncalo.com.pt\/2026\/wp-content\/uploads\/2024\/02\/47-956-05-724x1024.jpg 724w, https:\/\/goncalo.com.pt\/2026\/wp-content\/uploads\/2024\/02\/47-956-05-1086x1536.jpg 1086w, https:\/\/goncalo.com.pt\/2026\/wp-content\/uploads\/2024\/02\/47-956-05-1448x2048.jpg 1448w, https:\/\/goncalo.com.pt\/2026\/wp-content\/uploads\/2024\/02\/47-956-05-scaled.jpg 1810w\" sizes=\"auto, (max-width: 768px) 100vw, 768px\" data-id=\"3055\" \/><\/a><\/div>\t\t\t<div class=\"themetechmount-box-content themetechmount-overlay\">\n\t\t\t\t<div class=\"themetechmount-box-content-inner\">\n\t\t\t\t\t<div class=\"themetechmount-icon-box themetechmount-media-link\"><a class=\"tm_prettyphoto\" href=\"https:\/\/goncalo.com.pt\/2026\/wp-content\/uploads\/2024\/02\/47-956-05-scaled.jpg\"><i class=\"tm-fablio-icon-search\"><\/i><\/a><a href=\" https:\/\/goncalo.com.pt\/2026\/portfolio\/cueca-senhora-estampado-tradicional-2\/\" class=\"themetechmount_pf_link\"><i class=\"tm-fablio-icon-shuffle\"><\/i><\/a><\/div>\n\t\t\t\t<\/div>\t\t\t\n\t\t\t<\/div>\n\t\t<\/div>\t\t\n\t\t<div class=\"themetechmount-box-bottom-content\">\t\t\t\t\t\t\n\t\t\t<div class=\"themetechmount-box-title\"><h4><a href=\"https:\/\/goncalo.com.pt\/2026\/portfolio\/cueca-senhora-estampado-tradicional-2\/\">Cueca Senhora Frente em Renda<\/a><\/h4><\/div>\t\t\t<div class=\"themetechmount-box-desc\">\n\t\t\t\t<p>Cueca senhora com renda inteira na parte frontal, 95% Algod\u00e3o 5% Elastano. Cintura el\u00e1stica forrada e refor\u00e7o na parte frontal.<\/p>\n\t\t\t<\/div>\n\t\t<\/div>\n\t<\/div>\n<\/article><\/div>\n\t\t\t\t<\/div>\n\t\t\t<\/div><!-- .themetechmount-boxes-inner -->   <\/div><!-- .themetechmount-boxes -->  [\/vc_column][\/vc_row][vc_row][vc_column width=&#8221;1\/2&#8243;][\/vc_column][vc_column width=&#8221;1\/2&#8243;][\/vc_column][\/vc_row]<\/p>\n<\/div>","protected":false},"excerpt":{"rendered":"<p>[vc_row][vc_column][\/vc_column][\/vc_row][vc_row][vc_column width=&#8221;1\/2&#8243;][vc_separator border_width=&#8221;3&#8243;][vc_separator border_width=&#8221;3&#8243;][\/vc_column][vc_column width=&#8221;1\/2&#8243;][vc_separator border_width=&#8221;3&#8243;][vc_separator border_width=&#8221;3&#8243;][\/vc_column][\/vc_row][vc_row][vc_column][\/vc_column][\/vc_row][vc_row][vc_column width=&#8221;1\/2&#8243;][\/vc_column][vc_column width=&#8221;1\/2&#8243;][\/vc_column][\/vc_row]<\/p>\n","protected":false},"author":1,"featured_media":0,"parent":0,"menu_order":0,"comment_status":"closed","ping_status":"closed","template":"","meta":{"footnotes":""},"class_list":["post-740","page","type-page","status-publish","hentry"],"_links":{"self":[{"href":"https:\/\/goncalo.com.pt\/2026\/wp-json\/wp\/v2\/pages\/740","targetHints":{"allow":["GET"]}}],"collection":[{"href":"https:\/\/goncalo.com.pt\/2026\/wp-json\/wp\/v2\/pages"}],"about":[{"href":"https:\/\/goncalo.com.pt\/2026\/wp-json\/wp\/v2\/types\/page"}],"author":[{"embeddable":true,"href":"https:\/\/goncalo.com.pt\/2026\/wp-json\/wp\/v2\/users\/1"}],"replies":[{"embeddable":true,"href":"https:\/\/goncalo.com.pt\/2026\/wp-json\/wp\/v2\/comments?post=740"}],"version-history":[{"count":19,"href":"https:\/\/goncalo.com.pt\/2026\/wp-json\/wp\/v2\/pages\/740\/revisions"}],"predecessor-version":[{"id":3182,"href":"https:\/\/goncalo.com.pt\/2026\/wp-json\/wp\/v2\/pages\/740\/revisions\/3182"}],"wp:attachment":[{"href":"https:\/\/goncalo.com.pt\/2026\/wp-json\/wp\/v2\/media?parent=740"}],"curies":[{"name":"wp","href":"https:\/\/api.w.org\/{rel}","templated":true}]}}